{"id":279,"date":"2020-03-16T15:00:19","date_gmt":"2020-03-16T14:00:19","guid":{"rendered":"https:\/\/www.konditorei-sommer.de\/shop\/impressum\/"},"modified":"2025-12-13T20:46:50","modified_gmt":"2025-12-13T19:46:50","slug":"impressum","status":"publish","type":"page","link":"https:\/\/www.cafe-sommer.de\/shop\/impressum\/","title":{"rendered":"Impressum"},"content":{"rendered":"\n<p><strong>Caf\u00e9 Konditorei Sommer<\/strong><br>Wilhelmstra\u00dfe 100<br>72764 Reutlingen<\/p>\n\n\n\n<p>Telefon: 07121 \/ 300380<br>Telefax: 07121 \/ 330015<br>E-Mail: info@konditorei-sommer.de<\/p>\n\n\n\n<p><strong>Inhaber und Gesch\u00e4ftsleitung<\/strong>: Andreas Sommer<br><strong>Verantwortlich f\u00fcr den Inhalt:<\/strong>&nbsp;Andreas Sommer<br><strong>Ust ID Nr.:<\/strong>&nbsp;DE277954279<\/p>\n\n\n\n<p>Caf\u00e9 Konditorei Sommer ist nicht zur Teilnahme an einem Streitbeilegungsverfahren vor einer Verbraucherschlichtungsstelle verpflichtet und wird an einem Streitbeilegungsverfahren nicht teilnehmen.<\/p>\n\n\n\n<p><strong>Haftung f\u00fcr Inhalte<\/strong><br>Die Inhalte unserer Seiten wurden mit gr\u00f6\u00dfter Sorgfalt erstellt. F\u00fcr die Richtigkeit, Vollst\u00e4ndigkeit und Aktualit\u00e4t der Inhalte k\u00f6nnen wir jedoch keine Gew\u00e4hr \u00fcbernehmen. Als Diensteanbieter sind wir f\u00fcr eigene Inhalte auf diesen Seiten nach den allgemeinen Gesetzen verantwortlich. Wir sind als Diensteanbieter jedoch nicht verpflichtet, \u00fcbermittelte oder gespeicherte fremde Informationen zu \u00fcberwachen oder nach Umst\u00e4nden zu forschen, die auf eine rechtswidrige T\u00e4tigkeit hinweisen. Verpflichtungen zur Entfernung oder Sperrung der Nutzung von Informationen nach den allgemeinen Gesetzen bleiben hiervon unber\u00fchrt. Eine diesbez\u00fcgliche Haftung ist jedoch erst ab dem Zeitpunkt der Kenntnis einer konkreten Rechtsverletzung m\u00f6glich. Bei bekannt werden von entsprechenden Rechtsverletzungen werden wir diese Inhalte umgehend entfernen.<\/p>\n\n\n\n<p><strong>Haftung f\u00fcr Links<\/strong><br>Unser Angebot enth\u00e4lt Links zu externen Webseiten Dritter, auf deren Inhalte wir keinen Einfluss haben. Deshalb k\u00f6nnen wir f\u00fcr diese fremden Inhalte auch keine Gew\u00e4hr \u00fcbernehmen. F\u00fcr die Inhalte der verlinkten Seiten ist stets der jeweilige Anbieter oder Betreiber der Seiten verantwortlich. Die verlinkten Seiten wurden zum Zeitpunkt der Verlinkung auf m\u00f6gliche Rechtsverst\u00f6\u00dfe \u00fcberpr\u00fcft. Rechtswidrige Inhalte waren zum Zeitpunkt der Verlinkung nicht erkennbar. Eine permanente inhaltliche Kontrolle der verlinkten Seiten ist jedoch ohne konkrete Anhaltspunkte einer Rechtsverletzung nicht zumutbar. Bei bekannt werden von Rechtsverletzungen werden wir derartige Links umgehend entfernen.<\/p>\n\n\n\n<p><strong>Urheberrecht<\/strong><br>Die durch die Seitenbetreiber erstellten Inhalte und Werke auf diesen Seiten unterliegen dem deutschen Urheberrecht. Beitr\u00e4ge Dritter sind als solche gekennzeichnet. Die Vervielf\u00e4ltigung, Bearbeitung, Verbreitung und jede Art der Verwertung au\u00dferhalb der Grenzen des Urheberrechtes bed\u00fcrfen der schriftlichen Zustimmung des jeweiligen Autors bzw. Erstellers. Downloads und Kopien dieser Seite sind nur f\u00fcr den privaten, nicht kommerziellen Gebrauch gestattet. Die Betreiber der Seiten sind bem\u00fcht, stets die Urheberrechte anderer zu beachten bzw. auf selbst erstellte sowie lizenzfreie Werke zur\u00fcckzugreifen.<\/p>\n","protected":false},"excerpt":{"rendered":"<p>Caf\u00e9 Konditorei SommerWilhelmstra\u00dfe 10072764 Reutlingen Telefon: 07121 \/ 300380Telefax: 07121 \/ 330015E-Mail: info@konditorei-sommer.de Inhaber und Gesch\u00e4ftsleitung: Andreas SommerVerantwortlich f\u00fcr den Inhalt:&nbsp;Andreas SommerUst ID Nr.:&nbsp;DE277954279 Caf\u00e9 Konditorei Sommer ist nicht zur Teilnahme an einem Streitbeilegungsverfahren vor einer Verbraucherschlichtungsstelle verpflichtet und wird an einem Streitbeilegungsverfahren nicht teilnehmen. Haftung f\u00fcr InhalteDie Inhalte unserer Seiten wurden mit gr\u00f6\u00dfter Sorgfalt [&hellip;]<\/p>\n","protected":false},"author":1,"featured_media":0,"parent":0,"menu_order":0,"comment_status":"closed","ping_status":"closed","template":"","meta":{"footnotes":""},"class_list":["post-279","page","type-page","status-publish","hentry"],"publishpress_future_action":{"enabled":false,"date":"2026-05-06 23:04:41","action":"change-status","newStatus":"draft","terms":[],"taxonomy":""},"publishpress_future_workflow_manual_trigger":{"enabledWorkflows":[]},"_links":{"self":[{"href":"https:\/\/www.cafe-sommer.de\/shop\/wp-json\/wp\/v2\/pages\/279","targetHints":{"allow":["GET"]}}],"collection":[{"href":"https:\/\/www.cafe-sommer.de\/shop\/wp-json\/wp\/v2\/pages"}],"about":[{"href":"https:\/\/www.cafe-sommer.de\/shop\/wp-json\/wp\/v2\/types\/page"}],"author":[{"embeddable":true,"href":"https:\/\/www.cafe-sommer.de\/shop\/wp-json\/wp\/v2\/users\/1"}],"replies":[{"embeddable":true,"href":"https:\/\/www.cafe-sommer.de\/shop\/wp-json\/wp\/v2\/comments?post=279"}],"version-history":[{"count":5,"href":"https:\/\/www.cafe-sommer.de\/shop\/wp-json\/wp\/v2\/pages\/279\/revisions"}],"predecessor-version":[{"id":3359,"href":"https:\/\/www.cafe-sommer.de\/shop\/wp-json\/wp\/v2\/pages\/279\/revisions\/3359"}],"wp:attachment":[{"href":"https:\/\/www.cafe-sommer.de\/shop\/wp-json\/wp\/v2\/media?parent=279"}],"curies":[{"name":"wp","href":"https:\/\/api.w.org\/{rel}","templated":true}]}}

<p><strong>Café Konditorei Sommer</strong><br>Wilhelmstraße 100<br>72764 Reutlingen</p>



<p>Telefon: 07121 / 300380<br>Telefax: 07121 / 330015<br>E-Mail: info@konditorei-sommer.de</p>



<p><strong>Inhaber und Geschäftsleitung</strong>: Andreas Sommer<br><strong>Verantwortlich für den Inhalt:</strong>&nbsp;Andreas Sommer<br><strong>Ust ID Nr.:</strong>&nbsp;DE277954279</p>



<p>Café Konditorei Sommer ist nicht zur Teilnahme an einem Streitbeilegungsverfahren vor einer Verbraucherschlichtungsstelle verpflichtet und wird an einem Streitbeilegungsverfahren nicht teilnehmen.</p>



<p><strong>Haftung für Inhalte</strong><br>Die Inhalte unserer Seiten wurden mit größter Sorgfalt erstellt. Für die Richtigkeit, Vollständigkeit und Aktualität der Inhalte können wir jedoch keine Gewähr übernehmen. Als Diensteanbieter sind wir für eigene Inhalte auf diesen Seiten nach den allgemeinen Gesetzen verantwortlich. Wir sind als Diensteanbieter jedoch nicht verpflichtet, übermittelte oder gespeicherte fremde Informationen zu überwachen oder nach Umständen zu forschen, die auf eine rechtswidrige Tätigkeit hinweisen. Verpflichtungen zur Entfernung oder Sperrung der Nutzung von Informationen nach den allgemeinen Gesetzen bleiben hiervon unberührt. Eine diesbezügliche Haftung ist jedoch erst ab dem Zeitpunkt der Kenntnis einer konkreten Rechtsverletzung möglich. Bei bekannt werden von entsprechenden Rechtsverletzungen werden wir diese Inhalte umgehend entfernen.</p>



<p><strong>Haftung für Links</strong><br>Unser Angebot enthält Links zu externen Webseiten Dritter, auf deren Inhalte wir keinen Einfluss haben. Deshalb können wir für diese fremden Inhalte auch keine Gewähr übernehmen. Für die Inhalte der verlinkten Seiten ist stets der jeweilige Anbieter oder Betreiber der Seiten verantwortlich. Die verlinkten Seiten wurden zum Zeitpunkt der Verlinkung auf mögliche Rechtsverstöße überprüft. Rechtswidrige Inhalte waren zum Zeitpunkt der Verlinkung nicht erkennbar. Eine permanente inhaltliche Kontrolle der verlinkten Seiten ist jedoch ohne konkrete Anhaltspunkte einer Rechtsverletzung nicht zumutbar. Bei bekannt werden von Rechtsverletzungen werden wir derartige Links umgehend entfernen.</p>



<p><strong>Urheberrecht</strong><br>Die durch die Seitenbetreiber erstellten Inhalte und Werke auf diesen Seiten unterliegen dem deutschen Urheberrecht. Beiträge Dritter sind als solche gekennzeichnet. Die Vervielfältigung, Bearbeitung, Verbreitung und jede Art der Verwertung außerhalb der Grenzen des Urheberrechtes bedürfen der schriftlichen Zustimmung des jeweiligen Autors bzw. Erstellers. Downloads und Kopien dieser Seite sind nur für den privaten, nicht kommerziellen Gebrauch gestattet. Die Betreiber der Seiten sind bemüht, stets die Urheberrechte anderer zu beachten bzw. auf selbst erstellte sowie lizenzfreie Werke zurückzugreifen.</p>

<p>Café Konditorei SommerWilhelmstraße 10072764 Reutlingen Telefon: 07121 / 300380Telefax: 07121 / 330015E-Mail: info@konditorei-sommer.de Inhaber und Geschäftsleitung: Andreas SommerVerantwortlich für den Inhalt:&nbsp;Andreas SommerUst ID Nr.:&nbsp;DE277954279 Café Konditorei Sommer ist nicht zur Teilnahme an einem Streitbeilegungsverfahren vor einer Verbraucherschlichtungsstelle verpflichtet und wird an einem Streitbeilegungsverfahren nicht teilnehmen. Haftung für InhalteDie Inhalte unserer Seiten wurden mit größter Sorgfalt [&hellip;]</p>
