{"id":539,"date":"2020-03-19T10:09:10","date_gmt":"2020-03-19T09:09:10","guid":{"rendered":"https:\/\/www.konditorei-sommer.de\/shop\/?page_id=539"},"modified":"2024-12-12T15:34:47","modified_gmt":"2024-12-12T14:34:47","slug":"abholung-versand-zahlung","status":"publish","type":"page","link":"https:\/\/www.cafe-sommer.de\/shop\/abholung-versand-zahlung\/","title":{"rendered":"Abholung \/ Versand &amp; Zahlung"},"content":{"rendered":"\n<p>Im Online-Shop bestellte Artikel k\u00f6nnen bei uns vor Ort abgeholt werden.<\/p>\n\n\n\n<p class=\"has-vivid-red-color has-text-color has-link-color wp-elements-b872678ae1dfa953bca43d2ec845c470\"><strong>Falls Du im Warenkorb die Abholung w\u00e4hlst, erh\u00e4ltst Du eine Info-Mail,<\/strong><br><strong>sobald Deine Bestellung abholbereit ist! Bitte warte unbedingt bis zum Eintreffen dieser Mail.<\/strong><\/p>\n\n\n\n<p><strong>Caf\u00e9 Sommer (Stammhaus)<\/strong><br><a href=\"https:\/\/maps.app.goo.gl\/32bcQLVaQYpCrKL1A\" target=\"_blank\" rel=\"noreferrer noopener nofollow\">Wilhelmstra\u00dfe 100, 72764 Reutlingen<\/a><br>Montag \u2013 Samstag: 8 \u2013 18 Uhr<br>Sonn- und Feiertage: 10 \u2013 18 Uhr<\/p>\n\n\n\n<p><strong>die sommerpause<\/strong><br><a href=\"https:\/\/maps.app.goo.gl\/jcnDXG5CxLDgMKRR9\" target=\"_blank\" rel=\"noreferrer noopener nofollow\">Unter den Linden 47, 72762 Reutlingen<\/a><br>Dienstag \u2013 Freitag: 8 \u2013 17 Uhr<br>Samstag: 8 \u2013 16 Uhr<br><em>Sonntag &amp; Montag geschlossen<\/em><\/p>\n\n\n\n<h2 class=\"wp-block-heading\">Versand<\/h2>\n\n\n\n<p><strong>Alternativ verschicken wir Tickets und Wertgutscheine f\u00fcr je 2,- \u20ac (inkl. MwSt) je ausgestelltem Ticket \/ Wertgutschein.<\/strong><\/p>\n\n\n\n<h2 class=\"wp-block-heading\">Zahlung<\/h2>\n\n\n\n<p>Deine Online-Bestellung kannst Du aktuell bezahlen per:<\/p>\n\n\n\n<ul class=\"wp-block-list\">\n<li>PayPal<\/li>\n\n\n\n<li>SEPA Bank\u00fcberweisung<\/li>\n<\/ul>\n\n\n\n<p><em>Bitte beachte, dass keine Barzahlung f\u00fcr Online-Bestellungen m\u00f6glich ist, da f\u00fcr die meisten Artikel etwas Vorbereitungszeit (Ausstellung der Tickets \/ Gutscheine) n\u00f6tig ist.<\/em><\/p>\n\n\n\n<p><\/p>\n","protected":false},"excerpt":{"rendered":"<p>Im Online-Shop bestellte Artikel k\u00f6nnen bei uns vor Ort abgeholt werden. Falls Du im Warenkorb die Abholung w\u00e4hlst, erh\u00e4ltst Du eine Info-Mail,sobald Deine Bestellung abholbereit ist! Bitte warte unbedingt bis zum Eintreffen dieser Mail. Caf\u00e9 Sommer (Stammhaus)Wilhelmstra\u00dfe 100, 72764 ReutlingenMontag \u2013 Samstag: 8 \u2013 18 UhrSonn- und Feiertage: 10 \u2013 18 Uhr die sommerpauseUnter den [&hellip;]<\/p>\n","protected":false},"author":1,"featured_media":0,"parent":0,"menu_order":0,"comment_status":"closed","ping_status":"closed","template":"","meta":{"footnotes":""},"class_list":["post-539","page","type-page","status-publish","hentry"],"publishpress_future_action":{"enabled":false,"date":"2026-05-06 22:56:42","action":"change-status","newStatus":"draft","terms":[],"taxonomy":""},"publishpress_future_workflow_manual_trigger":{"enabledWorkflows":[]},"_links":{"self":[{"href":"https:\/\/www.cafe-sommer.de\/shop\/wp-json\/wp\/v2\/pages\/539","targetHints":{"allow":["GET"]}}],"collection":[{"href":"https:\/\/www.cafe-sommer.de\/shop\/wp-json\/wp\/v2\/pages"}],"about":[{"href":"https:\/\/www.cafe-sommer.de\/shop\/wp-json\/wp\/v2\/types\/page"}],"author":[{"embeddable":true,"href":"https:\/\/www.cafe-sommer.de\/shop\/wp-json\/wp\/v2\/users\/1"}],"replies":[{"embeddable":true,"href":"https:\/\/www.cafe-sommer.de\/shop\/wp-json\/wp\/v2\/comments?post=539"}],"version-history":[{"count":33,"href":"https:\/\/www.cafe-sommer.de\/shop\/wp-json\/wp\/v2\/pages\/539\/revisions"}],"predecessor-version":[{"id":2063,"href":"https:\/\/www.cafe-sommer.de\/shop\/wp-json\/wp\/v2\/pages\/539\/revisions\/2063"}],"wp:attachment":[{"href":"https:\/\/www.cafe-sommer.de\/shop\/wp-json\/wp\/v2\/media?parent=539"}],"curies":[{"name":"wp","href":"https:\/\/api.w.org\/{rel}","templated":true}]}}