{"id":3164,"date":"2025-12-01T22:14:34","date_gmt":"2025-12-01T21:14:34","guid":{"rendered":"https:\/\/www.cafe-sommer.de\/shop\/?post_type=product&#038;p=3164"},"modified":"2025-12-01T22:14:34","modified_gmt":"2025-12-01T21:14:34","slug":"workshop-tartes-toertchen-juni-2026","status":"publish","type":"product","link":"https:\/\/www.cafe-sommer.de\/shop\/bestellen\/kurse\/workshop-tartes-toertchen-juni-2026\/","title":{"rendered":"Workshop: Tartes &#038; T\u00f6rtchen \\ Juni 2026"},"content":{"rendered":"<h3><strong>Workshop:<\/strong><br \/>\n<strong>Tartes &amp; T\u00f6rtche<\/strong><\/h3>\n<h4><strong>Inkl. Softgetr\u00e4nk, Rezepte, Sommer-Sch\u00fcrze &amp; selbst hergestellte Tartes<\/strong><\/h4>\n<p><strong>Termin 1 \u2013 Dienstag, 16. Juni 2026<\/strong><br \/>\n<strong>Termin 2 \u2013 Mittwoch, 17. Juni 2026<\/strong><\/p>\n<p><strong>Beginn je 17 Uhr \u2022 ca. 2 Std. \u2022 84 \u20ac p.P.<\/strong><\/p>\n<h4>\u201eEin gutes T\u00f6rtchen hilft mehr als 1000 W\u00f6rtchen\u201c:<\/h4>\n<p>\u2026zauberhafter P\u00e2tisserie-Kurs in unserer gl\u00e4sernen Backstube.<\/p>\n<p>Wie wundersch\u00f6n und mit welchen Tricks unsere kleinen Tartes hergestellt werden, zeigen Dir unsere T\u00f6rtchenprofis bei diesem beliebten Kurs.<\/p>\n<p><strong>S\u00fc\u00dfer kann ein Event nicht werden &#8211; Liebe pur!<\/strong><\/p>\n","protected":false},"excerpt":{"rendered":"<p>Workshop: Tartes &amp; T\u00f6rtche Inkl. Softgetr\u00e4nk, Rezepte, Sommer-Sch\u00fcrze &amp; selbst hergestellte Tartes Termin 1 \u2013 Dienstag, 16. Juni 2026 Termin 2 \u2013 Mittwoch, 17. Juni 2026 Beginn je 17 Uhr \u2022 ca. 2 Std. \u2022 84 \u20ac p.P. \u201eEin gutes T\u00f6rtchen hilft mehr als 1000 W\u00f6rtchen\u201c: \u2026zauberhafter P\u00e2tisserie-Kurs in unserer gl\u00e4sernen Backstube. Wie wundersch\u00f6n und [&hellip;]<\/p>\n","protected":false},"featured_media":3165,"template":"","meta":[],"product_brand":[],"product_cat":[72],"product_tag":[],"class_list":{"0":"post-3164","1":"product","2":"type-product","3":"status-publish","4":"has-post-thumbnail","6":"product_cat-kurse","8":"first","9":"instock","10":"featured","11":"taxable","12":"shipping-taxable","13":"product-type-grouped"},"publishpress_future_action":{"enabled":true,"date":"2026-06-17 15:00:00","action":"change-status","newStatus":"trash","terms":[0],"taxonomy":"product_visibility"},"publishpress_future_workflow_manual_trigger":{"enabledWorkflows":[]},"_links":{"self":[{"href":"https:\/\/www.cafe-sommer.de\/shop\/wp-json\/wp\/v2\/product\/3164","targetHints":{"allow":["GET"]}}],"collection":[{"href":"https:\/\/www.cafe-sommer.de\/shop\/wp-json\/wp\/v2\/product"}],"about":[{"href":"https:\/\/www.cafe-sommer.de\/shop\/wp-json\/wp\/v2\/types\/product"}],"wp:featuredmedia":[{"embeddable":true,"href":"https:\/\/www.cafe-sommer.de\/shop\/wp-json\/wp\/v2\/media\/3165"}],"wp:attachment":[{"href":"https:\/\/www.cafe-sommer.de\/shop\/wp-json\/wp\/v2\/media?parent=3164"}],"wp:term":[{"taxonomy":"product_brand","embeddable":true,"href":"https:\/\/www.cafe-sommer.de\/shop\/wp-json\/wp\/v2\/product_brand?post=3164"},{"taxonomy":"product_cat","embeddable":true,"href":"https:\/\/www.cafe-sommer.de\/shop\/wp-json\/wp\/v2\/product_cat?post=3164"},{"taxonomy":"product_tag","embeddable":true,"href":"https:\/\/www.cafe-sommer.de\/shop\/wp-json\/wp\/v2\/product_tag?post=3164"}],"curies":[{"name":"wp","href":"https:\/\/api.w.org\/{rel}","templated":true}]}}

Workshop: Tartes &#038; Törtchen \ Juni 2026

<h3><strong>Workshop:</strong><br />
<strong>Tartes &amp; Törtche</strong></h3>
<h4><strong>Inkl. Softgetränk, Rezepte, Sommer-Schürze &amp; selbst hergestellte Tartes</strong></h4>
<p><strong>Termin 1 – Dienstag, 16. Juni 2026</strong><br />
<strong>Termin 2 – Mittwoch, 17. Juni 2026</strong></p>
<p><strong>Beginn je 17 Uhr • ca. 2 Std. • 84 € p.P.</strong></p>
<h4>„Ein gutes Törtchen hilft mehr als 1000 Wörtchen“:</h4>
<p>…zauberhafter Pâtisserie-Kurs in unserer gläsernen Backstube.</p>
<p>Wie wunderschön und mit welchen Tricks unsere kleinen Tartes hergestellt werden, zeigen Dir unsere Törtchenprofis bei diesem beliebten Kurs.</p>
<p><strong>Süßer kann ein Event nicht werden &#8211; Liebe pur!</strong></p>

<p>Workshop: Tartes &amp; Törtche Inkl. Softgetränk, Rezepte, Sommer-Schürze &amp; selbst hergestellte Tartes Termin 1 – Dienstag, 16. Juni 2026 Termin 2 – Mittwoch, 17. Juni 2026 Beginn je 17 Uhr • ca. 2 Std. • 84 € p.P. „Ein gutes Törtchen hilft mehr als 1000 Wörtchen“: …zauberhafter Pâtisserie-Kurs in unserer gläsernen Backstube. Wie wunderschön und [&hellip;]</p>
