{"id":3259,"date":"2025-12-02T12:57:47","date_gmt":"2025-12-02T11:57:47","guid":{"rendered":"https:\/\/www.cafe-sommer.de\/shop\/?post_type=product&#038;p=3259"},"modified":"2025-12-02T12:57:47","modified_gmt":"2025-12-02T11:57:47","slug":"whisky-tasting-sommer-x-cigarren-pfeifen-spirituosen-2026","status":"publish","type":"product","link":"https:\/\/www.cafe-sommer.de\/shop\/bestellen\/tastings\/whisky-tasting-sommer-x-cigarren-pfeifen-spirituosen-2026\/","title":{"rendered":"Whisky-Tasting: Sommer X \u201eCigarren-Pfeifen-Spirituosen\u201c \\ 2026"},"content":{"rendered":"<h3><strong><span style=\"color: #ff0000;\">** Anmeldungen nur telefonisch m\u00f6glich **<\/span><\/strong><\/h3>\n<h3><strong>Sommer X \u201eCigarren-Pfeifen-Spirituosen\u201c<\/strong><br \/>\n<strong>Whisky-Tasting<\/strong><\/h3>\n<h4>3-G\u00e4nge-Men\u00fc inkl. Tasting von 6 Whiskys<\/h4>\n<h4>Termin 1 \u2013 Freitag, 27. Februar 2026<br \/>\nTermin 2 \u2013 Freitag, 08. Mai 2026<br \/>\nTermin 3 \u2013 Freitag, 18. September 2026<\/h4>\n<p><strong>je ab 19 Uhr \u2022 89 \u20ac p.P.<\/strong><\/p>\n<h4>Veni, Vidi, Whisky:<\/h4>\n<p>\u2026unsere Sommerk\u00fcche bezaubert Dich mit einem faszinierenden 3-G\u00e4nge-Men\u00fc \u2013 parallel werden mit unserem Partner &#8220;Cigarren-Pfeifen-Spirituosen\u201c verschiedene Whisky-Sorten verkostet.<\/p>\n<p><strong>Perfekt als \u00dcberraschung f\u00fcr Deine Freunde oder Familie?<\/strong> Los geht\u2018s, wir freuen uns auf Euch!<\/p>\n","protected":false},"excerpt":{"rendered":"<p>** Anmeldungen nur telefonisch m\u00f6glich ** Sommer X \u201eCigarren-Pfeifen-Spirituosen\u201c Whisky-Tasting 3-G\u00e4nge-Men\u00fc inkl. Tasting von 6 Whiskys Termin 1 \u2013 Freitag, 27. Februar 2026 Termin 2 \u2013 Freitag, 08. Mai 2026 Termin 3 \u2013 Freitag, 18. September 2026 je ab 19 Uhr \u2022 89 \u20ac p.P. Veni, Vidi, Whisky: \u2026unsere Sommerk\u00fcche bezaubert Dich mit einem faszinierenden [&hellip;]<\/p>\n","protected":false},"featured_media":3260,"template":"","meta":[],"product_brand":[],"product_cat":[74],"product_tag":[],"class_list":{"0":"post-3259","1":"product","2":"type-product","3":"status-publish","4":"has-post-thumbnail","6":"product_cat-tastings","8":"first","9":"instock","10":"featured","11":"taxable","12":"shipping-taxable","13":"product-type-external"},"publishpress_future_action":{"enabled":true,"date":"2026-09-18 15:00:00","action":"change-status","newStatus":"trash","terms":[0],"taxonomy":"product_visibility"},"publishpress_future_workflow_manual_trigger":{"enabledWorkflows":[]},"_links":{"self":[{"href":"https:\/\/www.cafe-sommer.de\/shop\/wp-json\/wp\/v2\/product\/3259","targetHints":{"allow":["GET"]}}],"collection":[{"href":"https:\/\/www.cafe-sommer.de\/shop\/wp-json\/wp\/v2\/product"}],"about":[{"href":"https:\/\/www.cafe-sommer.de\/shop\/wp-json\/wp\/v2\/types\/product"}],"wp:featuredmedia":[{"embeddable":true,"href":"https:\/\/www.cafe-sommer.de\/shop\/wp-json\/wp\/v2\/media\/3260"}],"wp:attachment":[{"href":"https:\/\/www.cafe-sommer.de\/shop\/wp-json\/wp\/v2\/media?parent=3259"}],"wp:term":[{"taxonomy":"product_brand","embeddable":true,"href":"https:\/\/www.cafe-sommer.de\/shop\/wp-json\/wp\/v2\/product_brand?post=3259"},{"taxonomy":"product_cat","embeddable":true,"href":"https:\/\/www.cafe-sommer.de\/shop\/wp-json\/wp\/v2\/product_cat?post=3259"},{"taxonomy":"product_tag","embeddable":true,"href":"https:\/\/www.cafe-sommer.de\/shop\/wp-json\/wp\/v2\/product_tag?post=3259"}],"curies":[{"name":"wp","href":"https:\/\/api.w.org\/{rel}","templated":true}]}}